9*z. What is r(-5)?
6
Suppose -4*t - 2*o = -399 - 461, t - 193 = 5*o. Let a = 217 - t. Let i(b) = -b**3 + 3*b**2 + 6*b - 3. Give i(a).
5
Let x(c) = c - 1. Suppose -w + 2*w = h, -4*h = 4. Let q(p) = -p + 7*p - 10*p. Let t(y) = w*q(y) - 3*x(y). What is t(8)?
11
Let x(r) be the first derivative of r**4/4 + 3*r**3 + 3*r**2 - 6*r - 22. Let b(p) = -45*p - 98. Let h be b(-2). Calculate x(h).
10
Suppose 17 - 47 = -6*c. Let d(a) be the first derivative of -12*a - 4 + 9 + 5 + c*a - a**2. What is d(-7)?
7
Suppose -42*j - 80 = 79*j - 41*j. Let w(i) = -30*i - 22. What is w(j)?
8
Let i(p) = p + 37. Let h(n) = -n - 32. Let a = 496 + -491. Let x(w) = a*h(w) + 4*i(w). Calculate x(-6).
-6
Let l(v) = -5 - 12*v + 24*v**2 - 14*v**2 - 9*v**2. Let h(x) = 2*x + 18. Let m be h(-3). What is l(m)?
-5
Let l(q) = 2 + 0 - 3 + 2*q - q**3 + 4*q**2. Suppose 0 = -2*r + 3*x - 22, 0 = -2*r - 632*x + 627*x + 26. Calculate l(r).
19
Let a(p) = 82*p**2 - 250*p - 80*p**2 + 4 + 255*p. Determine a(-4).
16
Let v(i) = -16*i - 5. Suppose 0 = p + 3, -20 - 3 = -13*a - p. Calculate v(a).
-37
Let k(q) = 584 - q - 271 - 300. What is k(-6)?
19
Let z(m) = -11. Let u(q) = q + 62. Let n(b) = u(b) + 6*z(b). Let f = 21 + -18. What is n(f)?
-1
Let q(d) = d**3 + 21*d**2 + 14*d - 99. Let w be q(-20). Let m(a) = -7*a + 147. What is m(w)?
0
Let w = 5 + 1. Suppose -186*a = -187*a + 2. Suppose -i = -g, -2*g = -w*g + a*i. Let c(z) = z**3 + z**2 + z + 5. Give c(g).
5
Let q(a) be the first derivative of -5*a**4/4 + 2*a**3/3 - 7*a**2/2 - 9*a + 1877. Calculate q(-1).
5
Let x(c) = -15*c + 60. Let r(p) = -40*p + 121. Let i(y) = 2*r(y) - 5*x(y). Calculate i(-9).
-13
Let y(l) = 6*l**2 + 5*l - 2. Let k(o) = -96*o**2 - 81*o + 33. Let q be 2/((-8)/3) - 2970/(-88). Let r(f) = q*y(f) + 2*k(f). Determine r(-2).
18
Let a(l) be the third derivative of 0*l**4 - 176*l**2 + 0 + 0*l + 0*l**3 + 1/15*l**5. What is a(-1)?
4
Let c be ((-7)/(-3))/((-63)/(-459)). Let o(y) = y**3 - 18*y**2 + 16*y - 38. Give o(c).
-55
Let s(p) = 2*p + 26. Let c be s(-8). Let x(j) = -20*j + 11 + c*j + 12*j. Calculate x(-8).
-5
Let d(s) = -2*s**3 + 4*s**2 - s + 8. Let i(k) = -3*k**3 + 6*k**2 + 9. Let q(b) = 4*d(b) - 3*i(b). Give q(-5).
-150
Let v = -309 - -148. Let r = 164 + v. Let p(n) be the second derivative of n**4/6 - 5*n**3/6 + 3*n**2/2 + 11*n. Calculate p(r).
6
Let g(t) be the first derivative of t**3/3 + 31*t**2/2 + 191*t + 3802. Calculate g(-22).
-7
Let p(q) = -6 - 22 - 4 + 14 - 9 + q. Give p(16).
-11
Let a(z) = -2*z**2 - 35*z - 14. Let g be a(-17). Let p(n) = 4*n**2 - 6 + 142*n - n**3 - 149*n + 2*n**g. Determine p(-5).
4
Let p be (5*1)/(155/62). Let r(j) = -2*j - 2*j - j**3 - 6*j**p + 0*j + 24 - 28. What is r(-6)?
20
Let g be 2 + -1 - -3*2. Let b(x) = -1. Let z(y) = y + 1. Let p(c) = 2*c**2 + 24*c + 1. Let u be p(-12). Let a(j) = u*z(j) + 4*b(j). What is a(g)?
4
Let k(a) = -95*a**2 - 83*a**2 + 279*a**2 + 10 - 102*a**2 + a - 42. Calculate k(0).
-32
Let c(a) = a**3 - 3*a**2 - 2*a - 2. Let m be -6 + (-322)/(-56) + 2/8. Let q = -30 - -43. Suppose 0 = 4*p + p - 3*l - 23, m = -4*p - 3*l + q. Give c(p).
6
Let u(g) = 4*g**3 + g**2 - 5*g - 4. Let o(h) = 9*h**3 - 11*h - 10. Let a(y) = -y**3 - 4*y**2 - 7. Let d be a(0). Let f(t) = d*u(t) + 3*o(t). Give f(-7).
-16
Let m = 41878 + -41884. Let y(w) = -w**2 - 6*w - 20. Determine y(m).
-20
Let i = 64 + -51. Suppose -q + 0*o - 5*o + i = 0, 4*q - 3*o - 29 = 0. Let n(x) = -q*x + 9 - 11 + x**2 + 7*x. Calculate n(2).
0
Let w(r) = 2*r**3 - 14*r**2 + 12*r + 5. Let p(y) = 2*y**2 - 67*y + 501. Let v be p(11). Determine w(v).
5
Let c(q) = -q + 24. Let f(d) = -5*d + 4*d - 53 - 67 + 197 - 65. Let t(z) = 2*c(z) - 5*f(z). Let h(s) = -s**3 + 5*s**2 - 3*s - 1. Let l be h(3). Give t(l).
12
Suppose 0 = 2*z - 3*g - 18, 3*g + 24 = z + 2*z. Suppose 14*p = z + 8. Let d(f) = 2. Let m(r) = -8*r + 10. Let x(i) = 10*d(i) - 2*m(i). Calculate x(p).
16
Suppose -928 = -32*f - 26*f. Let h(m) = m**3 - 17*m**2 + 23*m - 114. Give h(f).
-2
Let m(i) = i**2 + 13*i + 27. Let h(y) = 456 + y - 456. Let d(u) = -2*h(u) + m(u). What is d(-8)?
3
Suppose 4 = -4*g + 20. Let q(u) = -14 - 4*u + 5*u - 2*u + g. Let z(a) = a**2 - a + 1. Let y be z(3). Calculate q(y).
-17
Suppose 0 = n + 5*z - 15, 135 = 4*n - 8*z + 3*z. Suppose 0 = -10*t + 5*t + n. Let o(v) = -t - 2*v + 17*v - 12*v. Calculate o(5).
9
Let h(i) = -21*i**2 + 27*i - 26. Let r(f) = -5*f**2 + 8*f - 6. Let m(n) = -3*h(n) + 11*r(n). Calculate m(-2).
30
Let j(d) = d**2 + 1. Let o = 10142 - 10135. Determine j(o).
50
Let v(y) = y**3 - 13*y**2 + y - 5. Let l be v(13). Suppose -l*d + 6 = -4*d + 3*x, 4*d + 4*x - 4 = 0. Let p(o) = d + 14 - 16 - 4 + o. Give p(4).
1
Let u(h) be the second derivative of 4*h**3/3 + 50*h**2 + 2*h - 56. Determine u(-13).
-4
Let b = 36 + -33. Suppose 0 = -c - b*q - 9 + 2, -2*q = -4*c + 14. Let l(j) = j + 0*j + 2*j**c - j**3 + 2*j**2 + 1. What is l(4)?
5
Let v(o) be the first derivative of o**4/4 + 4*o**3/3 - o**2/2 + 2*o - 1. Suppose 77*z + 152 = -79. Calculate v(z).
14
Suppose -96*o = -92 - 580. Let r(v) be the second derivative of -2*v**3/3 + 11*v**2 + 13*v. What is r(o)?
-6
Let n = 195 + -213. Let u(w) = w**3 + 17*w**2 - 18*w + 1. Let x be u(n). Let r(m) be the second derivative of 4*m**4/3 + m**3/3 - m**2/2 - m. Determine r(x).
17
Let j(d) = -d**3 - 8*d**2 + 2994 - 9*d - 2*d + 2988 - 5991. What is j(-6)?
-15
Let k(l) = 37*l - 15. Let u(p) = 11*p - 5. Let m(d) = -3*k(d) + 10*u(d). Let o(t) = -2*t - 2. Let z be o(-3). What is m(z)?
-9
Let x(h) = 2 - 129*h + 136*h - 9 + h**2. Let z be x(-7). Let p be 176/28 + 2/z. Let g(f) = -3*f + 5. What is g(p)?
-13
Let q(n) = 3*n**2 + 14*n + 30. Let f(b) = b**2 + 5*b + 9. Let j(a) = -10*f(a) + 3*q(a). What is j(-10)?
-20
Suppose -2*x - 2231 = -3*t + 711, -5*t + 3*x = -4903. Let q(v) = t*v - 493*v + 9 - 489*v. Calculate q(10).
-11
Let h(j) = -7*j + 5*j + 814060 - 814098. Calculate h(-19).
0
Suppose 191 = -4*x - 369. Let v be (-1)/(-3) - x/21. Let z(c) be the third derivative of c**4/12 - c**3 + 378*c**2. Calculate z(v).
8
Let f(m) = 8*m - 1. Let g(s) = 44*s + 91. Let d(n) = 6*f(n) - g(n). What is d(30)?
23
Let n(k) = -7*k - 1. Let b(p) = 34*p + 6. Let z(i) = -3*b(i) - 16*n(i). Let w(f) = 77 + 24*f - 18*f - f. Let q be w(-15). Calculate z(q).
18
Let m(p) = 7*p + 16. Let f(g) = 13*g - 2. Let c(b) = -21*b + 3. Let j(k) = 5*c(k) + 8*f(k). Let h(x) = -4*j(x) - m(x). Calculate h(-5).
3
Let s(b) be the second derivative of -b**5/5 + b**4/12 - 31*b**3/6 + 31*b**2/2 - 4*b - 288. Calculate s(1).
-3
Let x(l) be the second derivative of -l**4/12 + 3*l**3 + 65*l**2/2 - 46*l + 4. Give x(21).
2
Let i = 4 - 0. Let m(c) = 7*c**2 - c - 1. Let s be m(11). Let t(a) = 3*a**2 - 4*a**2 - 836*a + s*a + 4. Determine t(i).
-16
Let a(f) be the third derivative of f**4/24 - f**3/2 + 2*f**2 + 39*f. Let d(o) = -43*o - 210. Let s be d(-5). Determine a(s).
2
Let y(c) = 53 - 16 - 12 - 16 - 5*c. Determine y(0).
9
Suppose -5*o + 2*z + 22 = 0, -o - 5*z - 4 = -30. Let y(d) = 2*d - 1. Let r be y(1). Let p(l) = -r + o - l - 13 - 10. Calculate p(0).
-18
Suppose 3*c - 2*c = -5*p + 15, 3*p + 5*c = 31. Suppose -2*g + 43 = 5*a + 8, -p*g = 0. Let v(l) = l**3 - 8*l**2 + 6*l + 5. What is v(a)?
-2
Let n(i) = 12*i**2 + 2*i + 6. Suppose 0 = 2*c + 3*f + 6, -c - 1 = 49*f - 48*f. What is n(c)?
120
Let i(b) = 4*b - 2*b - b**2 - 4 + 0*b**2 - b. Let t be i(3). Let z be 19*t/45 + (-6)/(-27). Let r(l) = l**3 + 5*l**2 + 3*l + 6. Determine r(z).
10
Let b(n) be the third derivative of n**4/12 - 7*n**3/6 + 2*n**2 - 6*n - 13. Let p = 26 - 32. Give b(p).
-19
Let o(f) = -15*f**2 - 338*f - 15. Let d(g) = -2*g**2 - 54*g + 1. Let y(q) = 6*d(q) - o(q). Determine y(-2).
5
Let l(x) be the third derivative of -2*x**3 + 0 - 1/3*x**4 - 6*x**2 + 1/60*x**5 + 0*x. Let q(v) be the first derivative of l(v). What is q(6)?
4
Let b be 2/(-2 - 36/(-17)). Let x = -2046 - -2057. Let l(s) = -4*s + x + s - b. Determine l(-4).
6
Suppose i + g + 3*g + 17 = 0, 2*g + 10 = 0. Let z(k) = 2*k**3 + 9*k**3 + 2*k**i - 1 - k - k**2 - k. Let u = 111 + -112. What is z(u)?
-13
Let o(s) = 5*s + 1. Let h(f) = 6*f + 2. Let y(c) = 4*h(c) - 5*o(c). Let q be 99/(-21) + (-2)/7 - -26. Suppose -q - 19 = -5*v. What is y(v)?
-5
Let b(g) = -g**3 + 24*g**2 - 66*g + 72. Let t be b(21). Let w(h) = -h**3 + 9*h**2 - 5*h - 1. What is w(t)?
-46
Let b be -34